e prime factors of d.
2, 5, 7
Let a be (-4 - (-27 - 0))/((-1)/(-22)). Suppose a = 7*t + 79. What are the prime factors of t?
61
Let i(p) = -p + 9. Let t be i(5). Let q = 1 + t. List the prime factors of 2/q + (-680)/(-50).
2, 7
Suppose c + 13 = 6*l - l, c - 11 = -3*l. Suppose 0 = -3*t, -c*i + 4*t + 151 = -79. List the prime factors of i.
5, 23
Let f be (-24396)/(-21) + (-12)/(-42). Suppose 0*p = -7*p + f. What are the prime factors of p?
2, 83
Let p(r) = -r**3 - 12*r**2 - 10*r - 7. Let k be p(-11). List the prime factors of (-16)/(-72) + (-896)/k.
2, 5
Suppose -y + 2*y = 8. Suppose -2*o = -y - 2. Let c = o - -2. What are the prime factors of c?
7
Let m(d) = d**2 + 13*d - 4. Let x(u) = u - 5. Let r be x(-9). What are the prime factors of m(r)?
2, 5
Suppose -168 = -0*y + 3*y. Suppose -2*h - 50 = -r + 7, -h - 5*r - 56 = 0. Let d = h - y. What are the prime factors of d?
5
Suppose 0 = 10*l - 1365 - 1245. List the prime factors of l.
3, 29
Let m(p) = -p**3 + 8*p**2 + 12*p + 4. Suppose 2*t = -3*t - 60. Let k = t + 21. What are the prime factors of m(k)?
31
Suppose -8*u = 12 - 28. Suppose -3*l = -d - 29, 6*d = -4*l + u*d + 44. List the prime factors of l.
2, 5
Let c be ((-9)/12)/((21/(-24))/7). List the prime factors of ((-57)/(-6) - 5)*116/c.
3, 29
Let w = 399 - 232. What are the prime factors of w?
167
Let v = -19 + 5. Let n(o) = o**2 + 15*o + 12. Let b be n(v). List the prime factors of b*34/(-8)*2.
17
Suppose -5*f + 515 = 5*t - 1225, -4*t = -f + 368. Suppose 5*c + f = 4*w, 2*w + 3*c = 5*c + 178. What are the prime factors of w?
3, 31
Suppose 2*m = 9*m. Let u be 49 - -4 - (m - 1). Suppose 46 = 5*s + 4*y, -2*s + 7*s - u = 4*y. What are the prime factors of s?
2, 5
Suppose 3*a + 2*o + 106 = 0, 3*a + 0*a = 5*o - 92. Let r = a - -73. What are the prime factors of r?
3, 13
Suppose -13 = -3*r - 5*k, 8 - 17 = -r - 4*k. What are the prime factors of ((-4)/6 - 712/(-24))/r?
29
Suppose 13*r - 12*r - 386 = 0. What are the prime factors of r?
2, 193
Let q(c) = c**2 - c. Let m be q(-11). Let k = 90 - m. List the prime factors of ((-88)/(-14))/((-12)/k).
2, 11
Suppose -2*x + 2*k = 3*x - 5, -20 = -4*k. Suppose -x = -0*o - o. List the prime factors of o.
3
Let b = 158 + -107. Let r = 78 - b. What are the prime factors of r?
3
Let g(q) = 380*q + 203. What are the prime factors of g(2)?
3, 107
Suppose 2872 + 256 = 46*s. List the prime factors of s.
2, 17
Let g(v) = -3*v**2 - 46*v + 7. Let t(z) = 2*z**2 + 31*z - 5. Let l(u) = -5*g(u) - 8*t(u). Suppose 49 = -2*q + 17. List the prime factors of l(q).
37
Let c = -215 + 436. List the prime factors of c.
13, 17
Suppose 0 = 54*t - 74032 - 32780. List the prime factors of t.
2, 23, 43
List the prime factors of (-3716)/(-4)*((5 - 10) + 7).
2, 929
Let q be (-3 - 1)*(2 + (-22)/8). Let b(a) = 60*a. Let y be b(2). Suppose y = 2*s + q*s. What are the prime factors of s?
2, 3
Let f be 159/9 - 8/12. Let p = -19 + f. What are the prime factors of (p + 8)*20/15?
2
Suppose 4*z - 7 = 9. Suppose -b = -2*b + 4, -4*h - z*b + 160 = 0. List the prime factors of h.
2, 3
Suppose 5*i - 5 = 20. Let m = 8 - i. Suppose m*l - 4 - 2 = -v, 4*v = -2*l + 64. List the prime factors of v.
2, 3
Suppose -4*n = -2*n - 8. Let g = n + -19. List the prime factors of 3/g - 64/(-20).
3
Suppose 32*l - 34*l + 838 = 0. List the prime factors of l.
419
Let n = 3 + -5. Let v be 1*(-2 + 0 + 1)*1. What are the prime factors of -7 - -67 - (n - v)?
61
Suppose 12048 = 3*h - m, 2*h - 3*m + 458 = 8497. What are the prime factors of h?
5, 11, 73
Suppose 3*f + 16 = 6*f - 5*k, -14 = -5*f + 2*k. Let j be (8/(-24))/(f/12). Let a(o) = -o**2 - 5*o - 2. List the prime factors of a(j).
2
List the prime factors of -160*(-4 - 5/(-20)).
2, 3, 5
Let c(a) = 9*a**2 + 40*a - 220. What are the prime factors of c(15)?
5, 13, 37
Suppose 27627 - 1744 = 11*o. List the prime factors of o.
13, 181
Suppose -13*w + 53640 = 11*w. What are the prime factors of w?
3, 5, 149
Let c = 38 + -74. List the prime factors of (5/(75/c))/(6/(-120)).
2, 3
Suppose -7 - 3 = -5*k, 0 = l - 3*k. Suppose -l*r + 4*r = -6. Suppose -5*g = -r*b + 14 - 144, -3*b + 78 = 3*g. What are the prime factors of g?
2, 13
Suppose -10 = -2*z, -b - b - 5*z + 7549 = 0. What are the prime factors of b?
2, 3, 11, 19
Let v(x) = -2*x**3 - 42*x**2 - 9*x - 17. What are the prime factors of v(-21)?
2, 43
Suppose 465 = 5*a + 6*h - h, 2*a + 3*h = 185. Suppose 3*g + a = z - 71, -5*g + 141 = z. What are the prime factors of z?
2, 3, 13
Let l = 494 - 446. List the prime factors of l.
2, 3
Suppose 3*c - 244 = -p, 12*p - 14*p - 4*c + 496 = 0. List the prime factors of p.
2
Let r = 10 - -20. Suppose l = -3*v + 31 + r, 4*l - 228 = -4*v. List the prime factors of l.
5, 11
Let o(f) be the second derivative of f**3 + 1/12*f**4 + 5*f - 7/2*f**2 + 0. What are the prime factors of o(-8)?
3
Suppose -2*q - 7 = -t, q + 1 - 3 = -5*t. Let f be (-4)/q*(-27)/(-18). What are the prime factors of 164/10 + f/(-5)?
2
What are the prime factors of (-579)/((-15)/(45/9))?
193
Let q = 195 - -130. What are the prime factors of q?
5, 13
Suppose 22*z + 7616 = 26*z - 4*j, 4*z = -3*j + 7623. List the prime factors of z.
3, 5, 127
Suppose 0 = 3*q - 5*y - 10, -y + 3 = 2*y. Suppose q*h + 91 - 216 = 0. List the prime factors of h.
5
Let l(u) = u - 20. Let w be (-102)/(-18)*(-6)/(-2). Let i be l(w). List the prime factors of i/7 + 45/7.
2, 3
Let l(z) = -4*z**2 - 3*z**2 - 2*z + 6*z - 4 + 6*z**2. Let p be l(4). Let m = 7 - p. List the prime factors of m.
11
Suppose -778 - 562 = -4*q. What are the prime factors of q?
5, 67
Suppose q - 6*w + 3*w = -303, -4*q = 2*w + 1142. Let k = q + 472. What are the prime factors of k?
2, 23
Let h = 1853 + -1033. What are the prime factors of h?
2, 5, 41
Suppose -t + 7 = 1. Let o = -6 + t. Suppose o = s + 5 - 21. What are the prime factors of s?
2
Let b(w) = -49*w + 208. List the prime factors of b(-17).
3, 347
Let o = -262 + 458. List the prime factors of o.
2, 7
Suppose -3*a - 12 = 4*p, 0 = -4*a + 6*a + 3*p + 9. List the prime factors of a - (-1)/(-2) - (-4730)/20.
2, 59
Let l = 427 - 64. What are the prime factors of l?
3, 11
Let m(d) = 494*d**2 - 22*d - 12. List the prime factors of m(-3).
2, 3, 5
Let t = -109 + 208. Suppose 3*o - 2*m - 38 + 335 = 0, -o - m - t = 0. List the prime factors of o/((-12)/4) + 4.
37
What are the prime factors of (1287/(-44))/((-6)/600)?
3, 5, 13
Suppose -42*x - 36*x + 318942 = 0. List the prime factors of x.
3, 29, 47
Suppose 12*c = -669 + 12381. What are the prime factors of c?
2, 61
Let s be (15 - 3)/4*-1. Let r be 2 + (-10 - -1) + s. Let i(z) = -z**2 - 11*z - 5. List the prime factors of i(r).
5
What are the prime factors of 39608/32 + (-18)/(-8)?
2, 5, 31
Let k = -39 + 8. Let u = 31 - k. List the prime factors of u.
2, 31
Let i = -10 - -16. Suppose -3*f - 2*f - 20 = 0, 4*x - 5*f - 104 = 0. Suppose x + i = t. List the prime factors of t.
3
Let t(a) = 5*a - 3. Let v(p) = 2*p + 3. Let i be v(0). Let j be t(i). List the prime factors of 57*2*2/j.
19
Suppose -c + 0*c + 42 = 0. What are the prime factors of (-1)/(((-27)/c)/9)?
2, 7
Let w(v) = -9*v - 27. Let y be w(7). Let c = 184 + y. What are the prime factors of c?
2, 47
List the prime factors of -1 + 2 - (-1831 - 51).
7, 269
Suppose -2*j + 2 + 4 = 0. Suppose -96 = -7*v + j*v. List the prime factors of v/18*(-6)/(-4).
2
Suppose 3*a - 5 - 10 = 0. Suppose 3*f - 3 = -a*j + 7, -f = j. List the prime factors of f/((-1)/(-2 + 7)).
5
Suppose -14*k + 1658 = -7330. What are the prime factors of k?
2, 3, 107
Suppose -3*p - 3*w + 1476 = 0, -2*w - 1496 = -6*p + 3*p. List the prime factors of p.
2, 31
Suppose -1 - 15 = -4*c. Suppose -c*f - a = -168, 3*f - 196 = 4*a - 70. Let y = f + -27. List the prime factors of y.
3, 5
Let r(x) = -2*x**3 - 43*x**2 + 27*x - 10. What are the prime factors of r(-23)?
2, 239
Let j = 87 + -47. Let d = j + 38. What are the prime factors of d?
2, 3, 13
Let z be (-10)/(-25) - (-23)/5. Let q = z + -1. List the prime factors of (-8)/16 - (-102)/q.
5
Let o be (-370)/30 - 3/(-9). Let d = o - -127. What are the prime factors of d?
5, 23
Let g(z) = -z**3 - z**2 + 2*z - 1. Let l be g(-2). What are the prime factors of ((-2)/l)/((-4)/(-80))?
2, 5
Let q(b) = 16*b**2 - 19*b - 59. What are the prime factors of q(-8)?
1117
Let b(t) = -t**2 - 3*t + 5. Let w(h